{"id":1401,"date":"2024-05-12T20:56:34","date_gmt":"2024-05-13T00:56:34","guid":{"rendered":"https:\/\/rentablesrd.com\/info\/?page_id=1401"},"modified":"2024-05-14T13:25:15","modified_gmt":"2024-05-14T17:25:15","slug":"soft-play-ground","status":"publish","type":"page","link":"https:\/\/rentablesrd.com\/info\/soft-play-ground\/","title":{"rendered":"Soft play ground"},"content":{"rendered":"\n<h2 class=\"wp-block-heading has-text-align-center\">Un espacio de estimulaci\u00f3n temprana y alegr\u00eda.<\/h2>\n\n\n\n<figure class=\"wp-block-image size-full is-resized\"><img loading=\"lazy\" decoding=\"async\" width=\"2000\" height=\"2000\" src=\"https:\/\/rentablesrd.com\/info\/wp-content\/uploads\/2024\/05\/Soft-Play-Ground-1-1.jpg\" alt=\"\" class=\"wp-image-1447\" style=\"width:249px;height:auto\" srcset=\"https:\/\/rentablesrd.com\/info\/wp-content\/uploads\/2024\/05\/Soft-Play-Ground-1-1.jpg 2000w, https:\/\/rentablesrd.com\/info\/wp-content\/uploads\/2024\/05\/Soft-Play-Ground-1-1-300x300.jpg 300w, https:\/\/rentablesrd.com\/info\/wp-content\/uploads\/2024\/05\/Soft-Play-Ground-1-1-1024x1024.jpg 1024w, https:\/\/rentablesrd.com\/info\/wp-content\/uploads\/2024\/05\/Soft-Play-Ground-1-1-150x150.jpg 150w, https:\/\/rentablesrd.com\/info\/wp-content\/uploads\/2024\/05\/Soft-Play-Ground-1-1-768x768.jpg 768w, https:\/\/rentablesrd.com\/info\/wp-content\/uploads\/2024\/05\/Soft-Play-Ground-1-1-1536x1536.jpg 1536w\" sizes=\"(max-width: 2000px) 100vw, 2000px\" \/><\/figure>\n\n\n\n<p class=\"has-text-align-center\">Los ni\u00f1os de cero meses a un a\u00f1o est\u00e1n desarrollando todas las \u00e1reas del cerebro y cuerpo todo el d\u00eda y todo el tiempo, por lo que las fiestas no deben ser una excepci\u00f3n as\u00ed que en RENTABLES RD hemos creado un \u00e1rea de juego acolchada ideal para el desarrollo de la psicomotricidad gruesa, la coordinaci\u00f3n, el gateo mientras se divierten y son atra\u00eddos por los hermosos colores.<\/p>\n\n\n\n<div class=\"wp-block-columns are-vertically-aligned-center is-layout-flex wp-container-core-columns-is-layout-1 wp-block-columns-is-layout-flex\">\n<div class=\"wp-block-column is-vertically-aligned-center is-layout-flow wp-block-column-is-layout-flow\" style=\"flex-basis:100%\">\n<figure class=\"wp-block-gallery has-nested-images columns-default is-cropped wp-block-gallery-1 is-layout-flex wp-block-gallery-is-layout-flex\">\n<figure class=\"wp-block-image size-full\"><img loading=\"lazy\" decoding=\"async\" width=\"2000\" height=\"2000\" src=\"https:\/\/rentablesrd.com\/info\/wp-content\/uploads\/2024\/05\/Soft-Play-Ground-2.5.jpg-1.png\" alt=\"\" class=\"wp-image-1443\" srcset=\"https:\/\/rentablesrd.com\/info\/wp-content\/uploads\/2024\/05\/Soft-Play-Ground-2.5.jpg-1.png 2000w, https:\/\/rentablesrd.com\/info\/wp-content\/uploads\/2024\/05\/Soft-Play-Ground-2.5.jpg-1-300x300.png 300w, https:\/\/rentablesrd.com\/info\/wp-content\/uploads\/2024\/05\/Soft-Play-Ground-2.5.jpg-1-1024x1024.png 1024w, https:\/\/rentablesrd.com\/info\/wp-content\/uploads\/2024\/05\/Soft-Play-Ground-2.5.jpg-1-150x150.png 150w, https:\/\/rentablesrd.com\/info\/wp-content\/uploads\/2024\/05\/Soft-Play-Ground-2.5.jpg-1-768x768.png 768w, https:\/\/rentablesrd.com\/info\/wp-content\/uploads\/2024\/05\/Soft-Play-Ground-2.5.jpg-1-1536x1536.png 1536w\" sizes=\"(max-width: 2000px) 100vw, 2000px\" \/><\/figure>\n<\/figure>\n<\/div>\n<\/div>\n\n\n\n<p class=\"has-text-align-center\">En nuestro espacio de juegos acolchado sus ni\u00f1os podr\u00e1n escalar, subir escaleras, deslizarse, jugar con pelotas, pasar por debajo de obst\u00e1culos y construir estructuras. Este espacio de juegos puede ser usado para complementar:<\/p>\n\n\n\n<ul>\n<li>Tardes de juego<\/li>\n\n\n\n<li>Picnis<\/li>\n\n\n\n<li>Campamentos<\/li>\n\n\n\n<li>Cumplea\u00f1os<\/li>\n\n\n\n<li>Estimulaci\u00f3n temprana<\/li>\n<\/ul>\n\n\n\n<figure class=\"wp-block-gallery has-nested-images columns-default is-cropped wp-block-gallery-2 is-layout-flex wp-block-gallery-is-layout-flex\">\n<figure class=\"wp-block-image size-full\"><img loading=\"lazy\" decoding=\"async\" width=\"2000\" height=\"2000\" data-id=\"1448\" src=\"https:\/\/rentablesrd.com\/info\/wp-content\/uploads\/2024\/05\/Soft-Play-Ground.png\" alt=\"\" class=\"wp-image-1448\" srcset=\"https:\/\/rentablesrd.com\/info\/wp-content\/uploads\/2024\/05\/Soft-Play-Ground.png 2000w, https:\/\/rentablesrd.com\/info\/wp-content\/uploads\/2024\/05\/Soft-Play-Ground-300x300.png 300w, https:\/\/rentablesrd.com\/info\/wp-content\/uploads\/2024\/05\/Soft-Play-Ground-1024x1024.png 1024w, https:\/\/rentablesrd.com\/info\/wp-content\/uploads\/2024\/05\/Soft-Play-Ground-150x150.png 150w, https:\/\/rentablesrd.com\/info\/wp-content\/uploads\/2024\/05\/Soft-Play-Ground-768x768.png 768w, https:\/\/rentablesrd.com\/info\/wp-content\/uploads\/2024\/05\/Soft-Play-Ground-1536x1536.png 1536w\" sizes=\"(max-width: 2000px) 100vw, 2000px\" \/><\/figure>\n\n\n\n<figure class=\"wp-block-image size-full\"><img loading=\"lazy\" decoding=\"async\" width=\"1000\" height=\"1000\" data-id=\"1446\" src=\"https:\/\/rentablesrd.com\/info\/wp-content\/uploads\/2024\/05\/Soft-Play-Ground-3.png\" alt=\"\" class=\"wp-image-1446\" srcset=\"https:\/\/rentablesrd.com\/info\/wp-content\/uploads\/2024\/05\/Soft-Play-Ground-3.png 1000w, https:\/\/rentablesrd.com\/info\/wp-content\/uploads\/2024\/05\/Soft-Play-Ground-3-300x300.png 300w, https:\/\/rentablesrd.com\/info\/wp-content\/uploads\/2024\/05\/Soft-Play-Ground-3-150x150.png 150w, https:\/\/rentablesrd.com\/info\/wp-content\/uploads\/2024\/05\/Soft-Play-Ground-3-768x768.png 768w\" sizes=\"(max-width: 1000px) 100vw, 1000px\" \/><\/figure>\n<\/figure>\n\n\n\n<div class=\"wp-block-group alignfull has-text-color has-background\" style=\"color:#000000;background-color:#ffffff\"><div class=\"wp-block-group__inner-container is-layout-flow wp-block-group-is-layout-flow\">\n<div style=\"height:64px\" aria-hidden=\"true\" class=\"wp-block-spacer\"><\/div>\n\n\n\n<p class=\"has-text-align-center has-small-font-size\" style=\"line-height:.9\">Unlimited Fun<\/p>\n\n\n\n<h2 class=\"wp-block-heading has-text-align-center\" id=\"schedule-a-visit\" style=\"font-size:59px;line-height:1.15\"><strong>Little One<\/strong><\/h2>\n\n\n\n<div class=\"wp-block-buttons is-horizontal is-content-justification-center is-layout-flex wp-container-core-buttons-is-layout-1 wp-block-buttons-is-layout-flex\">\n<div class=\"wp-block-button has-custom-width wp-block-button__width-50\"><a class=\"wp-block-button__link has-text-color has-background wp-element-button\" style=\"border-radius:50px;color:#ffffff;background-color:#000000\"><strong>Explorer<\/strong><\/a><\/div>\n<\/div>\n\n\n\n<div style=\"height:64px\" aria-hidden=\"true\" class=\"wp-block-spacer\"><\/div>\n<\/div><\/div>\n\n\n\n<div class=\"wp-block-columns alignwide is-layout-flex wp-container-core-columns-is-layout-2 wp-block-columns-is-layout-flex\" style=\"margin-bottom:0\">\n<div class=\"wp-block-column has-text-color has-background has-link-color wp-elements-b99f93cb933a42aa38e4bad0d528a953 is-layout-flow wp-block-column-is-layout-flow\" style=\"color:#000000;background-color:#a9cce2;padding-top:2em;padding-right:2em;padding-bottom:2em;padding-left:2em\">\n<h2 class=\"wp-block-heading\" id=\"single\" style=\"font-size:40px\"><strong>Aventureros<\/strong><\/h2>\n\n\n\n<p class=\"has-normal-font-size\" style=\"line-height:1.5\"><strong>\u00ab\u00a1Explora, Descubre, Avent\u00farate<\/strong>!.<\/p>\n\n\n\n<hr class=\"wp-block-separator has-text-color has-css-opacity has-background is-style-wide\" style=\"background-color:#000000;color:#000000\"\/>\n\n\n\n<ul class=\"has-normal-font-size\">\n<li><strong>Laberinto:<\/strong> Una estructura de espuma suave con pasadizos y obst\u00e1culos desafiantes que invitan a los ni\u00f1os a descubrir como aut\u00e9nticos aventureros. <\/li>\n\n\n\n<li><strong>Zona Sensorial:<\/strong> texturas, sonidos y luces que transportan a los ni\u00f1os a un mundo de descubrimientos multisensoriales, inspirando su curiosidad y asombro por el entorno que les rodea.<br><\/li>\n\n\n\n<li><strong>Sala de Descanso<\/strong>: Un espacio acogedor y tranquilo donde los aventureros pueden relajarse y recargar energ\u00edas despu\u00e9s de sus emocionantes expediciones, con almohadas, mantas y libros de aventuras para sumergirse en nuevas historias y sue\u00f1os de exploraci\u00f3n.<br><\/li>\n\n\n\n<li>Juego Inflable: Como casa le ofrecemos un juego inflable para reposar y habitar, de paso como rebotador para completar la diversi\u00f3n infantil. <\/li>\n<\/ul>\n\n\n\n<div class=\"wp-block-buttons alignfull is-horizontal is-content-justification-center is-layout-flex wp-container-core-buttons-is-layout-2 wp-block-buttons-is-layout-flex\">\n<div class=\"wp-block-button has-custom-width wp-block-button__width-100\"><a class=\"wp-block-button__link has-white-color has-text-color has-background no-border-radius wp-element-button\" style=\"background-color:#000000\">RD$ 5,500<\/a><\/div>\n<\/div>\n<\/div>\n\n\n\n<div class=\"wp-block-column has-text-color has-background has-link-color wp-elements-f548efb12b91e32859f02be2b0e62703 is-layout-flow wp-block-column-is-layout-flow\" style=\"color:#000000;background-color:#d0d1c1;padding-top:2em;padding-right:2em;padding-bottom:2em;padding-left:2em\">\n<h2 class=\"wp-block-heading\" id=\"family\" style=\"font-size:40px\"><strong>Creativos<\/strong><\/h2>\n\n\n\n<p class=\"has-normal-font-size\" style=\"line-height:1.5\"><strong>\u00ab\u00a1Explora, Crea, Imagina!<\/strong><\/p>\n\n\n\n<hr class=\"wp-block-separator has-css-opacity is-style-wide\"\/>\n\n\n\n<ul class=\"has-normal-font-size\">\n<li><strong>Arte y Manualidades<\/strong> experimentan una variedad de materiales art\u00edsticos, como pinturas, crayones, plastilina, papel de colores y m\u00e1s.<\/li>\n\n\n\n<li><strong>Construcci\u00f3n y Dise\u00f1o:<\/strong> Bloques de construcci\u00f3n, piezas de LEGO, kits de ingenier\u00eda y otros materiales que fomentan el pensamiento creativo y el dise\u00f1o. Los ni\u00f1os pueden construir, crear y experimentar con diferentes formas y estructuras.<\/li>\n\n\n\n<li><strong>Lectura y la Imaginaci\u00f3n:<\/strong> . Los ni\u00f1os pueden sumergirse en un mundo de fantas\u00eda y explorar su imaginaci\u00f3n mientras disfrutan de la lectura y el juego simb\u00f3lico.<br><\/li>\n\n\n\n<li><strong>Teatro y Actuaci\u00f3n:<\/strong> Poner en escena sus propias obras de teatro, improvisar personajes y escenas, y explorar el arte de la actuaci\u00f3n. <\/li>\n<\/ul>\n\n\n\n<div class=\"wp-block-buttons alignfull is-horizontal is-content-justification-center is-layout-flex wp-container-core-buttons-is-layout-3 wp-block-buttons-is-layout-flex\">\n<div class=\"wp-block-button has-custom-width wp-block-button__width-100 is-style-fill\"><a class=\"wp-block-button__link has-white-color has-text-color has-background no-border-radius wp-element-button\" style=\"background-color:#000000\">RD$ 7,000<\/a><\/div>\n<\/div>\n<\/div>\n\n\n\n<div class=\"wp-block-column has-text-color has-background has-link-color wp-elements-b360fb877c194973a81c5b53a5a073e6 is-layout-flow wp-block-column-is-layout-flow\" style=\"color:#000000;background-color:#c0ebf1;padding-top:2em;padding-right:2em;padding-bottom:2em;padding-left:2em\">\n<h2 class=\"wp-block-heading\" id=\"patron\" style=\"font-size:40px\"><strong>Reservados<\/strong><\/h2>\n\n\n\n<p class=\"has-normal-font-size\"><strong>Serenidad y Descubrimiento<\/strong><\/p>\n\n\n\n<hr class=\"wp-block-separator has-css-opacity is-style-wide\"\/>\n\n\n\n<ul class=\"has-normal-font-size\">\n<li><strong>Exploraci\u00f3n Sensorial:<\/strong> Materiales sensoriales suaves y t\u00e1ctiles, como pelotas de tacto suave, telas de diferentes texturas y cajas de arena cin\u00e9tica. <\/li>\n\n\n\n<li><strong>Arte y Creatividad Silenciosa:<\/strong> Materiales art\u00edsticos, como l\u00e1pices de colores, papel de dibujo y acuarelas. Los ni\u00f1os pueden expresarse a trav\u00e9s del arte de manera silenciosa y contemplativa, explorando su creatividad de forma individual.<br><\/li>\n\n\n\n<li><strong>Lectura:<\/strong> Un \u00e1rea acogedora con cojines y mantas donde los ni\u00f1os pueden sumergirse en libros. Equipado con una selecci\u00f3n de libros cuidadosamente seleccionados.<\/li>\n<\/ul>\n\n\n\n<div class=\"wp-block-buttons alignfull is-horizontal is-content-justification-center is-layout-flex wp-container-core-buttons-is-layout-4 wp-block-buttons-is-layout-flex\">\n<div class=\"wp-block-button has-custom-width wp-block-button__width-100\"><a class=\"wp-block-button__link has-white-color has-text-color has-background no-border-radius wp-element-button\" style=\"background-color:#000000\">RD$ 5,000<\/a><\/div>\n<\/div>\n<\/div>\n<\/div>\n\n\n\n<div class=\"wp-block-buttons alignwide is-content-justification-center is-layout-flex wp-container-core-buttons-is-layout-5 wp-block-buttons-is-layout-flex\">\n<div class=\"wp-block-button\"><a class=\"wp-block-button__link wp-element-button\" href=\"http:\/\/wa.me\/8094444401\">Clic para Reservar<\/a><\/div>\n<\/div>\n\n\n\n<div class=\"wp-block-media-text alignwide is-stacked-on-mobile\" style=\"grid-template-columns:48% auto\"><figure class=\"wp-block-media-text__media\"><img loading=\"lazy\" decoding=\"async\" width=\"1024\" height=\"1024\" src=\"https:\/\/rentablesrd.com\/info\/wp-content\/uploads\/2024\/05\/Imagen-de-WhatsApp-2024-05-13-a-las-23.17.29_79f1b47a-1024x1024.jpg\" alt=\"\" class=\"wp-image-1479 size-full\" srcset=\"https:\/\/rentablesrd.com\/info\/wp-content\/uploads\/2024\/05\/Imagen-de-WhatsApp-2024-05-13-a-las-23.17.29_79f1b47a-1024x1024.jpg 1024w, https:\/\/rentablesrd.com\/info\/wp-content\/uploads\/2024\/05\/Imagen-de-WhatsApp-2024-05-13-a-las-23.17.29_79f1b47a-300x300.jpg 300w, https:\/\/rentablesrd.com\/info\/wp-content\/uploads\/2024\/05\/Imagen-de-WhatsApp-2024-05-13-a-las-23.17.29_79f1b47a-150x150.jpg 150w, https:\/\/rentablesrd.com\/info\/wp-content\/uploads\/2024\/05\/Imagen-de-WhatsApp-2024-05-13-a-las-23.17.29_79f1b47a-768x768.jpg 768w, https:\/\/rentablesrd.com\/info\/wp-content\/uploads\/2024\/05\/Imagen-de-WhatsApp-2024-05-13-a-las-23.17.29_79f1b47a.jpg 1280w\" sizes=\"(max-width: 1024px) 100vw, 1024px\" \/><\/figure><div class=\"wp-block-media-text__content\">\n<h2 class=\"wp-block-heading\">Combinaci\u00f3n ideal<\/h2>\n\n\n\n<p>Te ofrecemos una combinaci\u00f3n irresistible que llevar\u00e1 la experiencia de tu evento a nuevas alturas: \u00a1nuestros incre\u00edbles soft play grounds junto con nuestros acogedores teepees!<\/p>\n\n\n\n<p><\/p>\n\n\n\n<p>Imagina esto: mientras los m\u00e1s peque\u00f1os se sumergen en un mundo de aventuras y juegos en nuestro vibrante soft play ground, los teepees les esperan como refugios m\u00e1gicos donde pueden descansar, compartir historias y crear recuerdos que durar\u00e1n toda la vida. Con esta combinaci\u00f3n, estamos llevando la diversi\u00f3n y la comodidad a un nivel completamente nuevo.<\/p>\n\n\n\n<p><\/p>\n\n\n\n<p>Entonces, \u00bfpor qu\u00e9 conformarte con lo ordinario cuando puedes tener lo extraordinario? \u00a1Contacta con nosotros hoy mismo y descubre c\u00f3mo nuestra combinaci\u00f3n de soft play ground y teepees puede hacer de tu pr\u00f3ximo evento un \u00e9xito rotundo!<\/p>\n<\/div><\/div>\n","protected":false},"excerpt":{"rendered":"<p>Un espacio de estimulaci\u00f3n temprana y alegr\u00eda. Los ni\u00f1os de cero meses a un a\u00f1o est\u00e1n desarrollando todas las \u00e1reas del cerebro y cuerpo todo el d\u00eda y todo el tiempo, por lo que las fiestas no deben ser una excepci\u00f3n as\u00ed que en RENTABLES RD hemos creado un \u00e1rea de juego acolchada ideal para [&hellip;]<\/p>\n","protected":false},"author":1,"featured_media":0,"parent":0,"menu_order":0,"comment_status":"closed","ping_status":"closed","template":"","meta":{"hide_page_title":"","om_disable_all_campaigns":false,"_monsterinsights_skip_tracking":false,"_monsterinsights_sitenote_active":false,"_monsterinsights_sitenote_note":"","_monsterinsights_sitenote_category":0,"footnotes":""},"aioseo_notices":[],"_links":{"self":[{"href":"https:\/\/rentablesrd.com\/info\/wp-json\/wp\/v2\/pages\/1401"}],"collection":[{"href":"https:\/\/rentablesrd.com\/info\/wp-json\/wp\/v2\/pages"}],"about":[{"href":"https:\/\/rentablesrd.com\/info\/wp-json\/wp\/v2\/types\/page"}],"author":[{"embeddable":true,"href":"https:\/\/rentablesrd.com\/info\/wp-json\/wp\/v2\/users\/1"}],"replies":[{"embeddable":true,"href":"https:\/\/rentablesrd.com\/info\/wp-json\/wp\/v2\/comments?post=1401"}],"version-history":[{"count":14,"href":"https:\/\/rentablesrd.com\/info\/wp-json\/wp\/v2\/pages\/1401\/revisions"}],"predecessor-version":[{"id":1481,"href":"https:\/\/rentablesrd.com\/info\/wp-json\/wp\/v2\/pages\/1401\/revisions\/1481"}],"wp:attachment":[{"href":"https:\/\/rentablesrd.com\/info\/wp-json\/wp\/v2\/media?parent=1401"}],"curies":[{"name":"wp","href":"https:\/\/api.w.org\/{rel}","templated":true}]}}