{"id":278,"date":"2022-09-10T18:45:09","date_gmt":"2022-09-10T18:45:09","guid":{"rendered":"https:\/\/rentablesrd.com\/info\/?page_id=278"},"modified":"2022-09-10T19:11:51","modified_gmt":"2022-09-10T19:11:51","slug":"k-rock","status":"publish","type":"page","link":"https:\/\/rentablesrd.com\/info\/k-rock\/","title":{"rendered":"K. Rock"},"content":{"rendered":"\n<h2 class=\"has-text-align-center wp-block-heading\">Hola, soy K.Rock<\/h2>\n\n\n\n<p class=\"has-text-align-center\">Soy todo un anfiteatro musical, tengo m\u00fasica en cada esquina y eso provoca un baile constante dentro de mi, quiero que tus hijos disfruten todo lo que tengo.<\/p>\n\n\n\n<div class=\"wp-block-button aligncenter\"><a class=\"wp-block-button__link\" href=\"https:\/\/api.whatsapp.com\/send?phone=18497073909&amp;text=Hola%20*RentablesRD*%20me%20interesa%20adquirir%20el%20inflable%20*K.Rock*\">Solic\u00edtame aqu\u00ed<\/a><\/div>\n\n\n\n<figure class=\"wp-block-gallery alignwide has-nested-images columns-default is-cropped wp-block-gallery-1 is-layout-flex wp-block-gallery-is-layout-flex\">\n<figure class=\"wp-block-image size-full\"><img loading=\"lazy\" decoding=\"async\" width=\"800\" height=\"800\" data-id=\"279\" src=\"https:\/\/rentablesrd.com\/info\/wp-content\/uploads\/2022\/09\/7x9BounceHousewithAirBlower-1-3.webp\" alt=\"\" class=\"wp-image-279\" srcset=\"https:\/\/rentablesrd.com\/info\/wp-content\/uploads\/2022\/09\/7x9BounceHousewithAirBlower-1-3.webp 800w, https:\/\/rentablesrd.com\/info\/wp-content\/uploads\/2022\/09\/7x9BounceHousewithAirBlower-1-3-300x300.webp 300w, https:\/\/rentablesrd.com\/info\/wp-content\/uploads\/2022\/09\/7x9BounceHousewithAirBlower-1-3-150x150.webp 150w, https:\/\/rentablesrd.com\/info\/wp-content\/uploads\/2022\/09\/7x9BounceHousewithAirBlower-1-3-768x768.webp 768w\" sizes=\"(max-width: 800px) 100vw, 800px\" \/><\/figure>\n\n\n\n<figure class=\"wp-block-image size-full\"><img loading=\"lazy\" decoding=\"async\" width=\"800\" height=\"800\" data-id=\"280\" src=\"https:\/\/rentablesrd.com\/info\/wp-content\/uploads\/2022\/09\/7x9BounceHousewithAirBlower-2-2.webp-3-2.webp\" alt=\"\" class=\"wp-image-280\" srcset=\"https:\/\/rentablesrd.com\/info\/wp-content\/uploads\/2022\/09\/7x9BounceHousewithAirBlower-2-2.webp-3-2.webp 800w, https:\/\/rentablesrd.com\/info\/wp-content\/uploads\/2022\/09\/7x9BounceHousewithAirBlower-2-2.webp-3-2-300x300.webp 300w, https:\/\/rentablesrd.com\/info\/wp-content\/uploads\/2022\/09\/7x9BounceHousewithAirBlower-2-2.webp-3-2-150x150.webp 150w, https:\/\/rentablesrd.com\/info\/wp-content\/uploads\/2022\/09\/7x9BounceHousewithAirBlower-2-2.webp-3-2-768x768.webp 768w\" sizes=\"(max-width: 800px) 100vw, 800px\" \/><\/figure>\n\n\n\n<figure class=\"wp-block-image size-full\"><img loading=\"lazy\" decoding=\"async\" width=\"800\" height=\"800\" data-id=\"281\" src=\"https:\/\/rentablesrd.com\/info\/wp-content\/uploads\/2022\/09\/7x9BounceHousewithAirBlower-1.webp-6-1.webp\" alt=\"\" class=\"wp-image-281\" srcset=\"https:\/\/rentablesrd.com\/info\/wp-content\/uploads\/2022\/09\/7x9BounceHousewithAirBlower-1.webp-6-1.webp 800w, https:\/\/rentablesrd.com\/info\/wp-content\/uploads\/2022\/09\/7x9BounceHousewithAirBlower-1.webp-6-1-300x300.webp 300w, https:\/\/rentablesrd.com\/info\/wp-content\/uploads\/2022\/09\/7x9BounceHousewithAirBlower-1.webp-6-1-150x150.webp 150w, https:\/\/rentablesrd.com\/info\/wp-content\/uploads\/2022\/09\/7x9BounceHousewithAirBlower-1.webp-6-1-768x768.webp 768w\" sizes=\"(max-width: 800px) 100vw, 800px\" \/><\/figure>\n<\/figure>\n\n\n\n<div class=\"wp-block-columns alignwide is-layout-flex wp-container-core-columns-is-layout-1 wp-block-columns-is-layout-flex\">\n<div class=\"wp-block-column is-layout-flow wp-block-column-is-layout-flow\">\n<h3 class=\"wp-block-heading\">Informaci\u00f3n<\/h3>\n\n\n\n<p>No cuentas con mucho espacio, quieres un evento en un lugar cerrado con toda la diversi\u00f3n \u00abKidzrock musical es para ti\u00bb.  Ideal para ni\u00f1os de 1 a\u00f1o hasta 4 a\u00f1os de edad. El inflable viene con dispositivo en cada columna para colocar m\u00fasica que los ni\u00f1os pueden cambiar con cada toque.<br><br>En nuestra empresa frecuentemente estamos creando combinaciones adecuadas para disminuir costo a nuestros clientes, antes de tomar una decisi\u00f3n pide asesor\u00edas a nuestros representantes de ventas.<br>.<br><\/p>\n\n\n\n<p><\/p>\n\n\n\n<p><\/p>\n<\/div>\n\n\n\n<div class=\"wp-block-column is-layout-flow wp-block-column-is-layout-flow\">\n<h3 class=\"wp-block-heading\">Precio<\/h3>\n\n\n\n<p>El costo de los servicios son determinados por las horas de uso, cada inflable tiene un costo particular. . El precio puede variar por ofertas de temporada.<\/p>\n\n\n\n<p><\/p>\n\n\n\n<p><strong>Este inflable es categor\u00eda 0-3 <\/strong><\/p>\n<\/div>\n<\/div>\n","protected":false},"excerpt":{"rendered":"<p>Hola, soy K.Rock Soy todo un anfiteatro musical, tengo m\u00fasica en cada esquina y eso provoca un baile constante dentro de mi, quiero que tus hijos disfruten todo lo que tengo. Informaci\u00f3n No cuentas con mucho espacio, quieres un evento en un lugar cerrado con toda la diversi\u00f3n \u00abKidzrock musical es para ti\u00bb. Ideal para [&hellip;]<\/p>\n","protected":false},"author":1,"featured_media":0,"parent":0,"menu_order":0,"comment_status":"closed","ping_status":"closed","template":"","meta":{"hide_page_title":"","om_disable_all_campaigns":false,"_monsterinsights_skip_tracking":false,"_monsterinsights_sitenote_active":false,"_monsterinsights_sitenote_note":"","_monsterinsights_sitenote_category":0,"footnotes":""},"aioseo_notices":[],"_links":{"self":[{"href":"https:\/\/rentablesrd.com\/info\/wp-json\/wp\/v2\/pages\/278"}],"collection":[{"href":"https:\/\/rentablesrd.com\/info\/wp-json\/wp\/v2\/pages"}],"about":[{"href":"https:\/\/rentablesrd.com\/info\/wp-json\/wp\/v2\/types\/page"}],"author":[{"embeddable":true,"href":"https:\/\/rentablesrd.com\/info\/wp-json\/wp\/v2\/users\/1"}],"replies":[{"embeddable":true,"href":"https:\/\/rentablesrd.com\/info\/wp-json\/wp\/v2\/comments?post=278"}],"version-history":[{"count":7,"href":"https:\/\/rentablesrd.com\/info\/wp-json\/wp\/v2\/pages\/278\/revisions"}],"predecessor-version":[{"id":703,"href":"https:\/\/rentablesrd.com\/info\/wp-json\/wp\/v2\/pages\/278\/revisions\/703"}],"wp:attachment":[{"href":"https:\/\/rentablesrd.com\/info\/wp-json\/wp\/v2\/media?parent=278"}],"curies":[{"name":"wp","href":"https:\/\/api.w.org\/{rel}","templated":true}]}}