{"id":326,"date":"2022-09-10T19:27:40","date_gmt":"2022-09-10T19:27:40","guid":{"rendered":"https:\/\/rentablesrd.com\/info\/?page_id=326"},"modified":"2024-02-08T02:30:07","modified_gmt":"2024-02-08T02:30:07","slug":"torre","status":"publish","type":"page","link":"https:\/\/rentablesrd.com\/info\/torre\/","title":{"rendered":"Torre"},"content":{"rendered":"\n<h2 class=\"wp-block-heading has-text-align-center\">Hola, soy Torre<\/h2>\n\n\n\n<p class=\"has-text-align-center\">Para los aventureros tenemos LA TORRE<\/p>\n\n\n\n<div class=\"wp-block-button aligncenter\"><a class=\"wp-block-button__link wp-element-button\" href=\"https:\/\/api.whatsapp.com\/send?phone=18097173399&amp;text=Hola%20*RentablesRD*%20me%20interesa%20adquirir%20el%20inflable%20*Torre*\">Solic\u00edtame aqu\u00ed<\/a><\/div>\n\n\n\n<figure class=\"wp-block-gallery alignwide has-nested-images columns-default is-cropped wp-block-gallery-1 is-layout-flex wp-block-gallery-is-layout-flex\">\n<figure class=\"wp-block-image size-full\"><img loading=\"lazy\" decoding=\"async\" width=\"800\" height=\"800\" data-id=\"333\" src=\"https:\/\/rentablesrd.com\/info\/wp-content\/uploads\/2022\/09\/9x9.83BounceHousewithSlideandAirBlower-3-2.webp\" alt=\"\" class=\"wp-image-333\" srcset=\"https:\/\/rentablesrd.com\/info\/wp-content\/uploads\/2022\/09\/9x9.83BounceHousewithSlideandAirBlower-3-2.webp 800w, https:\/\/rentablesrd.com\/info\/wp-content\/uploads\/2022\/09\/9x9.83BounceHousewithSlideandAirBlower-3-2-300x300.webp 300w, https:\/\/rentablesrd.com\/info\/wp-content\/uploads\/2022\/09\/9x9.83BounceHousewithSlideandAirBlower-3-2-150x150.webp 150w, https:\/\/rentablesrd.com\/info\/wp-content\/uploads\/2022\/09\/9x9.83BounceHousewithSlideandAirBlower-3-2-768x768.webp 768w\" sizes=\"(max-width: 800px) 100vw, 800px\" \/><\/figure>\n\n\n\n<figure class=\"wp-block-image size-full\"><img loading=\"lazy\" decoding=\"async\" width=\"800\" height=\"800\" data-id=\"332\" src=\"https:\/\/rentablesrd.com\/info\/wp-content\/uploads\/2022\/09\/9x9.83BounceHousewithSlideandAirBlower-1-2.webp\" alt=\"\" class=\"wp-image-332\" srcset=\"https:\/\/rentablesrd.com\/info\/wp-content\/uploads\/2022\/09\/9x9.83BounceHousewithSlideandAirBlower-1-2.webp 800w, https:\/\/rentablesrd.com\/info\/wp-content\/uploads\/2022\/09\/9x9.83BounceHousewithSlideandAirBlower-1-2-300x300.webp 300w, https:\/\/rentablesrd.com\/info\/wp-content\/uploads\/2022\/09\/9x9.83BounceHousewithSlideandAirBlower-1-2-150x150.webp 150w, https:\/\/rentablesrd.com\/info\/wp-content\/uploads\/2022\/09\/9x9.83BounceHousewithSlideandAirBlower-1-2-768x768.webp 768w\" sizes=\"(max-width: 800px) 100vw, 800px\" \/><\/figure>\n\n\n\n<figure class=\"wp-block-image size-full\"><img loading=\"lazy\" decoding=\"async\" width=\"800\" height=\"800\" data-id=\"329\" src=\"https:\/\/rentablesrd.com\/info\/wp-content\/uploads\/2022\/09\/9x9.83BounceHousewithSlideandAirBlower-3.webp\" alt=\"\" class=\"wp-image-329\" srcset=\"https:\/\/rentablesrd.com\/info\/wp-content\/uploads\/2022\/09\/9x9.83BounceHousewithSlideandAirBlower-3.webp 800w, https:\/\/rentablesrd.com\/info\/wp-content\/uploads\/2022\/09\/9x9.83BounceHousewithSlideandAirBlower-3-300x300.webp 300w, https:\/\/rentablesrd.com\/info\/wp-content\/uploads\/2022\/09\/9x9.83BounceHousewithSlideandAirBlower-3-150x150.webp 150w, https:\/\/rentablesrd.com\/info\/wp-content\/uploads\/2022\/09\/9x9.83BounceHousewithSlideandAirBlower-3-768x768.webp 768w\" sizes=\"(max-width: 800px) 100vw, 800px\" \/><\/figure>\n<\/figure>\n\n\n\n<figure class=\"wp-block-gallery has-nested-images columns-default is-cropped wp-block-gallery-2 is-layout-flex wp-block-gallery-is-layout-flex\">\n<figure class=\"wp-block-image size-full\"><img loading=\"lazy\" decoding=\"async\" width=\"800\" height=\"800\" data-id=\"334\" src=\"https:\/\/rentablesrd.com\/info\/wp-content\/uploads\/2022\/09\/9x9.83BounceHousewithSlideandAirBlower-2-2.webp\" alt=\"\" class=\"wp-image-334\" srcset=\"https:\/\/rentablesrd.com\/info\/wp-content\/uploads\/2022\/09\/9x9.83BounceHousewithSlideandAirBlower-2-2.webp 800w, https:\/\/rentablesrd.com\/info\/wp-content\/uploads\/2022\/09\/9x9.83BounceHousewithSlideandAirBlower-2-2-300x300.webp 300w, https:\/\/rentablesrd.com\/info\/wp-content\/uploads\/2022\/09\/9x9.83BounceHousewithSlideandAirBlower-2-2-150x150.webp 150w, https:\/\/rentablesrd.com\/info\/wp-content\/uploads\/2022\/09\/9x9.83BounceHousewithSlideandAirBlower-2-2-768x768.webp 768w\" sizes=\"(max-width: 800px) 100vw, 800px\" \/><\/figure>\n<\/figure>\n\n\n\n<div class=\"wp-block-columns alignwide is-layout-flex wp-container-core-columns-is-layout-1 wp-block-columns-is-layout-flex\">\n<div class=\"wp-block-column is-layout-flow wp-block-column-is-layout-flow\">\n<h3 class=\"wp-block-heading\">Informaci\u00f3n<\/h3>\n\n\n\n<p>Un espectacular castillo inflable, ideal para fiestas con ni\u00f1os de diversas edades desde 3 hasta los 5 a\u00f1os con dos espacios para saltar, resbaladilla, pared para escalar, aro para encestar y espacio para una posible piscina de pelotas que convierten a la torre en el inflable del que los Ni\u00f1os nunca pueden cansarse.<br>.<br>Puede ser usado por 3 ni\u00f1os a la vez.<\/p>\n\n\n\n<p><br><\/p>\n<\/div>\n\n\n\n<div class=\"wp-block-column is-layout-flow wp-block-column-is-layout-flow\">\n<h3 class=\"wp-block-heading\">Precio<\/h3>\n\n\n\n<p>El costo de los servicios son determinados por las horas de uso, cada inflable tiene un costo particular. El precio puede variar por ofertas de temporada.<\/p>\n\n\n\n<p><\/p>\n\n\n\n<p>Este inflable llamado Inglaterra es&nbsp;<strong>categor\u00eda 0-10<\/strong>, puedo consultar el catalogo de precios para la informaci\u00f3n del mismo.<\/p>\n\n\n\n<p>  <\/p>\n<\/div>\n<\/div>\n","protected":false},"excerpt":{"rendered":"<p>Hola, soy Torre Para los aventureros tenemos LA TORRE Informaci\u00f3n Un espectacular castillo inflable, ideal para fiestas con ni\u00f1os de diversas edades desde 3 hasta los 5 a\u00f1os con dos espacios para saltar, resbaladilla, pared para escalar, aro para encestar y espacio para una posible piscina de pelotas que convierten a la torre en el [&hellip;]<\/p>\n","protected":false},"author":1,"featured_media":0,"parent":0,"menu_order":0,"comment_status":"closed","ping_status":"closed","template":"","meta":{"hide_page_title":"","om_disable_all_campaigns":false,"_monsterinsights_skip_tracking":false,"_monsterinsights_sitenote_active":false,"_monsterinsights_sitenote_note":"","_monsterinsights_sitenote_category":0,"footnotes":""},"aioseo_notices":[],"_links":{"self":[{"href":"https:\/\/rentablesrd.com\/info\/wp-json\/wp\/v2\/pages\/326"}],"collection":[{"href":"https:\/\/rentablesrd.com\/info\/wp-json\/wp\/v2\/pages"}],"about":[{"href":"https:\/\/rentablesrd.com\/info\/wp-json\/wp\/v2\/types\/page"}],"author":[{"embeddable":true,"href":"https:\/\/rentablesrd.com\/info\/wp-json\/wp\/v2\/users\/1"}],"replies":[{"embeddable":true,"href":"https:\/\/rentablesrd.com\/info\/wp-json\/wp\/v2\/comments?post=326"}],"version-history":[{"count":3,"href":"https:\/\/rentablesrd.com\/info\/wp-json\/wp\/v2\/pages\/326\/revisions"}],"predecessor-version":[{"id":971,"href":"https:\/\/rentablesrd.com\/info\/wp-json\/wp\/v2\/pages\/326\/revisions\/971"}],"wp:attachment":[{"href":"https:\/\/rentablesrd.com\/info\/wp-json\/wp\/v2\/media?parent=326"}],"curies":[{"name":"wp","href":"https:\/\/api.w.org\/{rel}","templated":true}]}}