{"id":347,"date":"2022-09-10T19:42:21","date_gmt":"2022-09-10T19:42:21","guid":{"rendered":"https:\/\/rentablesrd.com\/info\/?page_id=347"},"modified":"2022-10-14T20:16:15","modified_gmt":"2022-10-14T20:16:15","slug":"picasso","status":"publish","type":"page","link":"https:\/\/rentablesrd.com\/info\/picasso\/","title":{"rendered":"Picasso"},"content":{"rendered":"\n<h2 class=\"has-text-align-center wp-block-heading\">Hola, soy Picasso<\/h2>\n\n\n\n<p class=\"has-text-align-center\">una explosi\u00f3n de colores para tus fiestas.<\/p>\n\n\n\n<div class=\"wp-block-button aligncenter\"><a class=\"wp-block-button__link\" href=\"https:\/\/api.whatsapp.com\/send?phone=18097173399&amp;text=Hola%20*RentablesRD*%20me%20interesa%20adquirir%20el%20inflable%20*Picasso* que es *Categoria 8*\">Solic\u00edtame aqu\u00ed<\/a><\/div>\n\n\n\n<figure class=\"wp-block-gallery alignwide has-nested-images columns-default is-cropped wp-block-gallery-1 is-layout-flex wp-block-gallery-is-layout-flex\">\n<figure class=\"wp-block-image size-full\"><img loading=\"lazy\" decoding=\"async\" width=\"800\" height=\"800\" data-id=\"348\" src=\"https:\/\/rentablesrd.com\/info\/wp-content\/uploads\/2022\/09\/RentablesRD-Picaso-2-1.webp\" alt=\"\" class=\"wp-image-348\" srcset=\"https:\/\/rentablesrd.com\/info\/wp-content\/uploads\/2022\/09\/RentablesRD-Picaso-2-1.webp 800w, https:\/\/rentablesrd.com\/info\/wp-content\/uploads\/2022\/09\/RentablesRD-Picaso-2-1-300x300.webp 300w, https:\/\/rentablesrd.com\/info\/wp-content\/uploads\/2022\/09\/RentablesRD-Picaso-2-1-150x150.webp 150w, https:\/\/rentablesrd.com\/info\/wp-content\/uploads\/2022\/09\/RentablesRD-Picaso-2-1-768x768.webp 768w\" sizes=\"(max-width: 800px) 100vw, 800px\" \/><\/figure>\n\n\n\n<figure class=\"wp-block-image size-full\"><img loading=\"lazy\" decoding=\"async\" width=\"800\" height=\"800\" data-id=\"349\" src=\"https:\/\/rentablesrd.com\/info\/wp-content\/uploads\/2022\/09\/RentablesRD-Picaso-9-1.webp\" alt=\"\" class=\"wp-image-349\" srcset=\"https:\/\/rentablesrd.com\/info\/wp-content\/uploads\/2022\/09\/RentablesRD-Picaso-9-1.webp 800w, https:\/\/rentablesrd.com\/info\/wp-content\/uploads\/2022\/09\/RentablesRD-Picaso-9-1-300x300.webp 300w, https:\/\/rentablesrd.com\/info\/wp-content\/uploads\/2022\/09\/RentablesRD-Picaso-9-1-150x150.webp 150w, https:\/\/rentablesrd.com\/info\/wp-content\/uploads\/2022\/09\/RentablesRD-Picaso-9-1-768x768.webp 768w\" sizes=\"(max-width: 800px) 100vw, 800px\" \/><\/figure>\n\n\n\n<figure class=\"wp-block-image size-full\"><img loading=\"lazy\" decoding=\"async\" width=\"800\" height=\"800\" data-id=\"350\" src=\"https:\/\/rentablesrd.com\/info\/wp-content\/uploads\/2022\/09\/RentablesRD-Picaso-5.webp\" alt=\"\" class=\"wp-image-350\" srcset=\"https:\/\/rentablesrd.com\/info\/wp-content\/uploads\/2022\/09\/RentablesRD-Picaso-5.webp 800w, https:\/\/rentablesrd.com\/info\/wp-content\/uploads\/2022\/09\/RentablesRD-Picaso-5-300x300.webp 300w, https:\/\/rentablesrd.com\/info\/wp-content\/uploads\/2022\/09\/RentablesRD-Picaso-5-150x150.webp 150w, https:\/\/rentablesrd.com\/info\/wp-content\/uploads\/2022\/09\/RentablesRD-Picaso-5-768x768.webp 768w\" sizes=\"(max-width: 800px) 100vw, 800px\" \/><\/figure>\n<\/figure>\n\n\n\n<div class=\"wp-block-columns alignwide is-layout-flex wp-container-core-columns-is-layout-1 wp-block-columns-is-layout-flex\">\n<div class=\"wp-block-column is-layout-flow wp-block-column-is-layout-flow\">\n<h3 class=\"wp-block-heading\">Informaci\u00f3n<\/h3>\n\n\n\n<p>Juego inflable que consta de dos espacios separados para saltar, por lo que es ideal para fiestas con ni\u00f1os de edades distantes desde 3 hasta 8 a\u00f1os. Tiene una estupenda resbaladilla, dos salidas laterales y uno de los espacios de salto puede ser cubierto para proteger a los ni\u00f1os del sol si es necesario. Cuenta con un aro para encestar pelotas en su interior para incrementar la diversi\u00f3n de tus ni\u00f1os.<br><br>Puede ser usado por 3 ni\u00f1os a la vez.<\/p>\n\n\n\n<p><br><\/p>\n<\/div>\n\n\n\n<div class=\"wp-block-column is-layout-flow wp-block-column-is-layout-flow\">\n<h3 class=\"wp-block-heading\">Precio<\/h3>\n\n\n\n<p>El costo de los servicios son determinados por las horas de uso, cada inflable tiene un costo particular. El precio puede variar por ofertas de temporada.<\/p>\n\n\n\n<p><\/p>\n\n\n\n<p>Este inflable llamado Inglaterra es&nbsp;<strong>categor\u00eda 8<\/strong>, puedo consultar el catalogo de precios para la informaci\u00f3n del mismo.<\/p>\n\n\n\n<p>  <\/p>\n<\/div>\n<\/div>\n","protected":false},"excerpt":{"rendered":"<p>Hola, soy Picasso una explosi\u00f3n de colores para tus fiestas. Informaci\u00f3n Juego inflable que consta de dos espacios separados para saltar, por lo que es ideal para fiestas con ni\u00f1os de edades distantes desde 3 hasta 8 a\u00f1os. Tiene una estupenda resbaladilla, dos salidas laterales y uno de los espacios de salto puede ser cubierto [&hellip;]<\/p>\n","protected":false},"author":1,"featured_media":0,"parent":0,"menu_order":0,"comment_status":"closed","ping_status":"closed","template":"","meta":{"hide_page_title":"","om_disable_all_campaigns":false,"_monsterinsights_skip_tracking":false,"_monsterinsights_sitenote_active":false,"_monsterinsights_sitenote_note":"","_monsterinsights_sitenote_category":0,"footnotes":""},"aioseo_notices":[],"_links":{"self":[{"href":"https:\/\/rentablesrd.com\/info\/wp-json\/wp\/v2\/pages\/347"}],"collection":[{"href":"https:\/\/rentablesrd.com\/info\/wp-json\/wp\/v2\/pages"}],"about":[{"href":"https:\/\/rentablesrd.com\/info\/wp-json\/wp\/v2\/types\/page"}],"author":[{"embeddable":true,"href":"https:\/\/rentablesrd.com\/info\/wp-json\/wp\/v2\/users\/1"}],"replies":[{"embeddable":true,"href":"https:\/\/rentablesrd.com\/info\/wp-json\/wp\/v2\/comments?post=347"}],"version-history":[{"count":3,"href":"https:\/\/rentablesrd.com\/info\/wp-json\/wp\/v2\/pages\/347\/revisions"}],"predecessor-version":[{"id":1526,"href":"https:\/\/rentablesrd.com\/info\/wp-json\/wp\/v2\/pages\/347\/revisions\/1526"}],"wp:attachment":[{"href":"https:\/\/rentablesrd.com\/info\/wp-json\/wp\/v2\/media?parent=347"}],"curies":[{"name":"wp","href":"https:\/\/api.w.org\/{rel}","templated":true}]}}