{"id":380,"date":"2022-09-10T20:28:38","date_gmt":"2022-09-10T20:28:38","guid":{"rendered":"https:\/\/rentablesrd.com\/info\/?page_id=380"},"modified":"2024-06-08T19:50:12","modified_gmt":"2024-06-08T23:50:12","slug":"categoria","status":"publish","type":"page","link":"https:\/\/rentablesrd.com\/info\/categoria\/","title":{"rendered":"Precio por Categor\u00eda"},"content":{"rendered":"\n<h2 class=\"wp-block-heading\">Precio por Categor\u00edas<\/h2>\n\n\n\n<p>Hemos establecido precios acorde a sus tama\u00f1os, log\u00edsticas y estructuras. Observe cual es la categor\u00eda establecida para el inflable deseado y en la tabla siguiente observar\u00e1 el costo del servicio. <\/p>\n\n\n\n<p><\/p>\n\n\n\n<p>En la tabla siguiente observar\u00e1 la categor\u00edas disponibles;  Si deseas adquirir nuestros servicios pulsa el siguiente enlace y habla con uno de nuestros representantes. <br><\/p>\n\n\n\n<div class=\"wp-block-buttons is-layout-flex wp-block-buttons-is-layout-flex\">\n<div class=\"wp-block-button\"><a class=\"wp-block-button__link has-background wp-element-button\" href=\"https:\/\/wa.me\/18097173399\" style=\"background-color:#6dae47\">WhatsApp<\/a><\/div>\n<\/div>\n\n\n\n<ul>\n<li>Categor\u00eda 3 &#8211; RD$ 3,500 + RD$ 700 de Fianza<\/li>\n\n\n\n<li>Categor\u00eda 6 &#8211; RD$ 4,800 + RD$ 900 de Fianza<\/li>\n\n\n\n<li>Categor\u00eda 7 &#8211; RD$ 5,760 + RD$ 1,000 de Fianza<\/li>\n\n\n\n<li>Categor\u00eda 9 &#8211; RD$ 7,200 + RD$ 1,100 de Fianza<\/li>\n\n\n\n<li>Categor\u00eda 11 &#8211; RD$ 9,800 + RD$ 1,400 de Fianza <\/li>\n\n\n\n<li>Categor\u00eda 14 &#8211; RD$ 19,800 + RD$ 5,400 de Fianza<\/li>\n<\/ul>\n","protected":false},"excerpt":{"rendered":"<p>Precio por Categor\u00edas Hemos establecido precios acorde a sus tama\u00f1os, log\u00edsticas y estructuras. Observe cual es la categor\u00eda establecida para el inflable deseado y en la tabla siguiente observar\u00e1 el costo del servicio. En la tabla siguiente observar\u00e1 la categor\u00edas disponibles; Si deseas adquirir nuestros servicios pulsa el siguiente enlace y habla con uno de [&hellip;]<\/p>\n","protected":false},"author":1,"featured_media":0,"parent":0,"menu_order":0,"comment_status":"closed","ping_status":"closed","template":"","meta":{"hide_page_title":"","om_disable_all_campaigns":false,"_monsterinsights_skip_tracking":false,"_monsterinsights_sitenote_active":false,"_monsterinsights_sitenote_note":"","_monsterinsights_sitenote_category":0,"footnotes":""},"aioseo_notices":[],"_links":{"self":[{"href":"https:\/\/rentablesrd.com\/info\/wp-json\/wp\/v2\/pages\/380"}],"collection":[{"href":"https:\/\/rentablesrd.com\/info\/wp-json\/wp\/v2\/pages"}],"about":[{"href":"https:\/\/rentablesrd.com\/info\/wp-json\/wp\/v2\/types\/page"}],"author":[{"embeddable":true,"href":"https:\/\/rentablesrd.com\/info\/wp-json\/wp\/v2\/users\/1"}],"replies":[{"embeddable":true,"href":"https:\/\/rentablesrd.com\/info\/wp-json\/wp\/v2\/comments?post=380"}],"version-history":[{"count":11,"href":"https:\/\/rentablesrd.com\/info\/wp-json\/wp\/v2\/pages\/380\/revisions"}],"predecessor-version":[{"id":1534,"href":"https:\/\/rentablesrd.com\/info\/wp-json\/wp\/v2\/pages\/380\/revisions\/1534"}],"wp:attachment":[{"href":"https:\/\/rentablesrd.com\/info\/wp-json\/wp\/v2\/media?parent=380"}],"curies":[{"name":"wp","href":"https:\/\/api.w.org\/{rel}","templated":true}]}}